(z). Suppose 4*k + 28 - h = 0. What is the units digit of k?
3
Suppose -210*d - 96 = -218*d. Suppose -d*c + 16*c - 68 = 0. What is the tens digit of c?
1
Let b be -8 + 13 + (-138)/(-3). Let i = -111 + 72. Let d = b + i. What is the units digit of d?
2
Let v(i) = 18*i + 54. Let u be (1 + -2)/(-2 + 1) - -80. Let b be (224/(-9))/(-4) + (-18)/u. What is the hundreds digit of v(b)?
1
Let q(u) be the second derivative of -139*u**3/3 - 187*u**2 - 289*u. What is the hundreds digit of q(-7)?
5
Let o = 31 + -35. Let w be (-103 + o + 3 - 2) + 3. Let s = w - -259. What is the tens digit of s?
5
Let x = -66405 - -132934. What is the ten thousands digit of x?
6
Let b(l) = 2*l**3 + 2*l**2 + 9*l**3 - 22*l - 8*l**3 - 2. What is the units digit of b(5)?
3
Suppose 49005 = 1306*q - 811*q. What is the tens digit of q?
9
Suppose 10 = -4*c + 5*p, 2*c + 0*p - 4 = -2*p. Suppose -2*m = w - 119, 0 = -2*w + m - c*m + 218. What is the tens digit of w?
1
What is the tens digit of 43/((-10135)/56045 + 17/((-561)/(-6)))?
1
Suppose -2075*p - 2075*p = -4142*p - 410336. What is the units digit of p?
2
Let n(l) = 19*l - 18. Let g(y) = -4*y + 11. Let x be g(4). Let z = x + 11. What is the tens digit of n(z)?
9
Let b(a) be the third derivative of 0*a - 2*a**2 + 0 - 1/12*a**4 + 13/3*a**3. What is the tens digit of b(-9)?
4
Suppose -5*i + 84 = 114. Let f be (4/(-3))/(4/i) + -4. What is the units digit of 2 + f + 5 - -135?
0
Let r(u) = u**3 + 16*u**2 + 48*u + 17. Let a be r(-12). Let m(o) = -4*o + 162. What is the units digit of m(a)?
4
Suppose -5*h + 5 = 0, -2*d + 3*h = 44 + 205. Let v = d + 193. What is the tens digit of v?
7
Suppose 5*o - 2*h = 5, o - 2*h = 6*o - 25. Let j(n) = 2*n - 11. Let v be j(o). Let i(f) = -26*f + 8. What is the units digit of i(v)?
8
Let t(w) = w**2 + 3*w - 2. Let r be t(-4). Let d(v) = -4*v**r + 0*v**2 - 3*v**2 - 3*v**3 - 7 + 2*v**3 - 5*v. What is the units digit of d(-7)?
8
Suppose 0 = 10*p + 27 + 43. Let m be p/(344/(-69) + 5). What is the tens digit of (-1)/(4/(-10) + m/(-1245))?
8
What is the tens digit of (-4)/(-62) - (29335095/(-899))/3?
7
What is the hundreds digit of 0*(-14)/224 - -9533?
5
Let k(a) = -a**2 - 15*a - 26. Let z be k(-2). Suppose z = -12*l + 15*l - 258. What is the units digit of l?
6
Let t(s) = 366 + 88*s**2 + 2*s - 741 + 372. Let w(f) = f**3 - 13*f**2 - f + 14. Let v be w(13). What is the units digit of t(v)?
7
Let v = 25 + -1. Let r = v - 29. What is the hundreds digit of 247/2 + (r/2 - -2)?
1
What is the hundreds digit of 331*21 + (1395/186)/((-6)/4)?
9
Let c(b) = 11*b**2 - 51*b + b**3 + 24*b - 4 - 19 + 7*b**2. What is the tens digit of c(-19)?
2
Suppose 5*d = -5*o - 20, d - 3*o + 38 = 50. Let q(u) = u**2 + 24*u + 723. What is the tens digit of q(d)?
2
Let g = 88 + -72. Suppose 23*j - 4109 = g*j. Suppose 5*m = 3*h + h + j, -3*m + h + 348 = 0. What is the units digit of m?
5
Let a(r) = -10*r + 1036 + 2*r + 6*r + 5*r. Let l be a(0). Suppose 7*w - 651 = l. What is the hundreds digit of w?
2
Let s(v) = -16*v + 109. Let b be s(-20). Suppose 3*t - b = 3*z, 0 = -2*t + 21*z - 23*z + 266. What is the tens digit of t?
3
Suppose o - 6*o + 261 = -a, 0 = 3*o - 2*a - 158. Let l = 79 - o. What is the tens digit of l*3 + (-24)/6?
7
What is the units digit of 6/9*24/(-32)*-9058?
9
What is the thousands digit of -6 - (8 + 6 + -19935)?
9
Let t(r) = -6*r**2 + 4*r - 3. Let u be t(4). Let n(y) = 4*y**2 - 38*y - 36. Let z be n(13). Let d = u + z. What is the units digit of d?
3
What is the hundreds digit of ((6048081/(-18))/(-13) + 6)*(-2)/(-3)?
2
Let i be 80/(-360) - (-1552)/18. Let o = -5 + i. What is the units digit of o?
1
Let x(s) = 2007*s + 91. What is the units digit of x(10)?
1
Let n = -268 + 278. Suppose -n*x + 2885 = -1305. What is the hundreds digit of x?
4
Let i = -37 - -43. Let k(w) = 2*w**3 - 11*w**2 - 9*w + 14. Let f be k(i). What is the units digit of 7/((-21)/(-240))*f/(-2)?
0
Let r be (26*6/14)/((-202)/(-33936)). What is the tens digit of 15/105 + r/28?
6
Suppose 10550 = 24*x - 174610. What is the hundreds digit of x?
7
Suppose 0 = 6*w + 8 - 38. Suppose 117 = -w*y - 323. Let l = 220 + y. What is the hundreds digit of l?
1
What is the hundreds digit of (261/(-58))/(3 - (-424860)/(-141616))?
1
Let a be (-2)/(-4) + 55/10 + -5. Let n(k) = 12*k - 3. Let v be n(a). What is the units digit of 2*4/16 - v/(-2)?
5
Suppose 4*t = 3*i - 27974, 5*i - 5*t + 11877 = 58507. What is the units digit of i?
0
Let u = -8047 - -10601. What is the hundreds digit of u?
5
Suppose -g - a = g - 15491, -5*g + 3*a = -38722. What is the units digit of g?
5
Let j(l) = 18*l**2 - 2*l - 2. Let x(v) = 37*v**2 - 4*v - 5. Let r(q) = 14*j(q) - 6*x(q). Let m be r(2). What is the units digit of 1*(-4 + m - 6/(-3))?
2
Let q = -160 - -159. Let y(z) = -275*z**3 + 4*z**2 - 1. What is the units digit of y(q)?
8
Suppose 4*g + 4*h - 4055 = 8257, 3*h = 9. Suppose -910 = -5*m + g. What is the hundreds digit of m?
7
Suppose r - 5*s = 72383, -5*r - 25*s = -26*s - 362035. What is the hundreds digit of r?
4
Suppose -r = -0 - 1. Let h be ((-4288)/48)/(r/(-3)). Suppose -4*t = t - 5*p - 455, -3*t + 4*p = -h. What is the units digit of t?
6
Let l = 21 + 850. Let h = -231 + l. What is the tens digit of h?
4
Let c = 445 + -144. What is the hundreds digit of c/(3 - -4)*(-8)/(-1)?
3
Let m(a) = 307*a**2 + 5*a + 27. What is the hundreds digit of m(5)?
7
Let u = -34 - -62. Let n be (-1673)/u + (-1)/4. What is the tens digit of (24/(-20))/(2/n)?
3
Suppose -2*h = -3*m + 17616, -87*h = -89*h + 12. What is the units digit of m?
6
Let x = -796 + 80. Let r = 1373 + x. What is the hundreds digit of r?
6
Let k(p) = 3*p + 83. Let s be k(-27). Let c(r) = -r - r + 5*r + 0*r + s*r**2 - 14. What is the units digit of c(-9)?
1
What is the hundreds digit of (-4 - -885)/(45/40 + -1)?
0
Let w be (-2 - -7) + (1 - -75). Suppose w = -4*g + 845. What is the units digit of g?
1
Let n(t) = 49*t**2 + 13*t + 92. What is the units digit of n(14)?
8
Let f(h) = -43*h**3 - h**2 + 7*h + 15. Let l = -168 + 166. What is the units digit of f(l)?
1
Let f(z) = -2560*z - 221. What is the units digit of f(-2)?
9
Let i(m) = -m - m**2 + 3*m**2 + 16*m**3 - 5*m**3 + 1 - 4*m**3. Let p = 14 - 12. What is the units digit of i(p)?
3
Let c be 1/2 + 2 + (-74)/(-4). Suppose c = 3*x + 4*x. Suppose -205 = -x*u - 3*k + 191, 5*u + 4*k - 659 = 0. What is the tens digit of u?
3
Suppose -4*i = -4*q - 956, 3*i = 2*q - 6*q + 724. Let m = -70 + i. What is the hundreds digit of m?
1
Suppose -b + 8499 = 4*s, 5*b + 2*s + 16968 = 7*b. What is the units digit of b?
7
Suppose 2*o + 2*n = 16, -3*o - 2*n - 5 = -8*o. What is the units digit of (-5 - -10) + 465 - (o - 1)?
8
Let y(k) be the first derivative of k**3/3 + 3*k**2/2 - 18*k - 1827. Let m(h) = -h**3 + 5*h**2 + 7*h + 1. Let w be m(6). What is the units digit of y(w)?
2
Let s be 0 - (-2 + (-3 - -3)/(-2)). Suppose 4*w + 5*k - 1125 = 0, -s*w + k + 555 = 2*k. Suppose z - 275 = -6*y + 3*y, -z + w = y. What is the units digit of z?
5
Let m(q) = -4*q - 80. Let u be m(0). Let x = u - -465. What is the tens digit of x?
8
Let q(l) = -l**3 - 14*l**2 - 10*l - 25. Suppose v - 2*h - 4 - 2 = 0, 12 = -3*h. Let n be ((-4)/2 - 10) + v. What is the units digit of q(n)?
5
Let m = -301 - -304. Suppose -m*f = 4*q - 2044 - 648, 0 = -3*f + 5*q + 2656. What is the hundreds digit of f?
8
Suppose 0 = 3*k - 3*f - 98223, 4*k + 51*f - 130965 = 56*f. What is the thousands digit of k?
2
Let c(f) = 873*f + 8646. What is the thousands digit of c(54)?
5
Let j = 1827 - 1014. Suppose -138*l + 142*l = -2*h + 28, 5*l - 2*h = 8. Suppose 0 = -l*y - 229 + j. What is the units digit of y?
6
Suppose -53*y - 733507 + 2422712 = 66*y. What is the hundreds digit of y?
1
Suppose -5*m = -3*v - 6, 2*m + m - 5*v + 6 = 0. Suppose -m*k + 4219 = -32. What is the hundreds digit of k?
4
Let b(f) = f - 16. Let o be b(19). Let z be o - -2 - (3 - 3). Let g = 70 + z. What is the tens digit of g?
7
What is the thousands digit of (1056/(-84))/(4/(-3206))?
0
Let v = 1406 - 1414. Let u(h) be the first derivative of h**4/4 + 8*h**3/3 - 5*h**2/2 - 2. What is the units digit of u(v)?
0
Suppose -1409*g + 1408*g + 7720 = 0. What is the thousands digit of g?
7
Let o(t) = -t**3 + 25*t**2 + 36*t + 145. What is the hundreds digit of o(26)?
4
Suppose 3*q + 34*h - 36*h = 1869, 